{"id":96,"date":"2020-03-15T16:49:14","date_gmt":"2020-03-15T14:49:14","guid":{"rendered":"http:\/\/www.mbpproduction.com\/?page_id=96"},"modified":"2021-04-07T18:06:40","modified_gmt":"2021-04-07T15:06:40","slug":"antennit","status":"publish","type":"page","link":"https:\/\/www.mbpproduction.com\/?page_id=96","title":{"rendered":"ANTENNIT"},"content":{"rendered":"\n<p>Antenniasennukset kuuluvat vahvasti liiketoimintaamme jo 1990 luvulta l\u00e4htien.<\/p>\n\n\n\n<p>Teemme niin harava- kuin satelliittiantenniasennuksia sek\u00e4 yksityisille ett\u00e4 yhteis\u00f6asiakkaille. Olemme Canal Digitalin valtuutettu asennusliike.<\/p>\n\n\n\n<p>Meilt\u00e4 saat my\u00f6s erilaiset mobiiliverkkojen lis\u00e4antennit modeemeille kuin my\u00f6s passiiviantenni-parit parantamaan matkapuhelinverkkojen kuuluvuutta sis\u00e4tiloissa kuten uusissa passiivitaloissa ja esimerkiksi v\u00e4est\u00f6nsuojissa tai metallirakenteisissa teollisuushalleissa.<\/p>\n\n\n\n<p>Asennamme niin harava-antennit katolle kuin taloyhti\u00f6n sis\u00e4verkotkin mittauksineen sek\u00e4 erilaiset h\u00e4iri\u00f6idenpoistosuotimien asennukset.<\/p>\n\n\n\n<p>Asennuksissa k\u00e4yt\u00e4mme tunnettujen suomalaisten tukkureiden toimittamia tuotteita. Esimerkiksi Finnsat, Laatuantenni ja Tele-tukku toimittavat meille Televesin, Telesteen, Terran, Iskran, Triaxin ja monen muun tunnetun antennimerkin tuotteita.<\/p>\n\n\n\n<p>Meilt\u00e4 saa my\u00f6s ammattipuolelle erilaiset INFO-TV j\u00e4rjestelm\u00e4t, hotelli-TV j\u00e4rjestelm\u00e4t keskuslaitteineen ja huone televisioineen. <\/p>\n","protected":false},"excerpt":{"rendered":"<p>Antenniasennukset kuuluvat vahvasti liiketoimintaamme jo 1990 luvulta l\u00e4htien. Teemme niin harava- kuin satelliittiantenniasennuksia sek\u00e4 yksityisille ett\u00e4 yhteis\u00f6asiakkaille. Olemme Canal Digitalin valtuutettu asennusliike. Meilt\u00e4 saat my\u00f6s erilaiset mobiiliverkkojen lis\u00e4antennit modeemeille kuin my\u00f6s passiiviantenni-parit parantamaan matkapuhelinverkkojen kuuluvuutta sis\u00e4tiloissa kuten uusissa passiivitaloissa ja esimerkiksi v\u00e4est\u00f6nsuojissa tai metallirakenteisissa teollisuushalleissa. Asennamme niin harava-antennit katolle kuin taloyhti\u00f6n sis\u00e4verkotkin mittauksineen sek\u00e4 erilaiset &hellip; <a href=\"https:\/\/www.mbpproduction.com\/?page_id=96\" class=\"more-link\">Jatka lukemista <span class=\"screen-reader-text\">ANTENNIT<\/span> <span class=\"meta-nav\">&rarr;<\/span><\/a><\/p>\n","protected":false},"author":1,"featured_media":0,"parent":0,"menu_order":0,"comment_status":"closed","ping_status":"closed","template":"","meta":{"footnotes":""},"class_list":["post-96","page","type-page","status-publish","hentry"],"_links":{"self":[{"href":"https:\/\/www.mbpproduction.com\/index.php?rest_route=\/wp\/v2\/pages\/96","targetHints":{"allow":["GET"]}}],"collection":[{"href":"https:\/\/www.mbpproduction.com\/index.php?rest_route=\/wp\/v2\/pages"}],"about":[{"href":"https:\/\/www.mbpproduction.com\/index.php?rest_route=\/wp\/v2\/types\/page"}],"author":[{"embeddable":true,"href":"https:\/\/www.mbpproduction.com\/index.php?rest_route=\/wp\/v2\/users\/1"}],"replies":[{"embeddable":true,"href":"https:\/\/www.mbpproduction.com\/index.php?rest_route=%2Fwp%2Fv2%2Fcomments&post=96"}],"version-history":[{"count":4,"href":"https:\/\/www.mbpproduction.com\/index.php?rest_route=\/wp\/v2\/pages\/96\/revisions"}],"predecessor-version":[{"id":113,"href":"https:\/\/www.mbpproduction.com\/index.php?rest_route=\/wp\/v2\/pages\/96\/revisions\/113"}],"wp:attachment":[{"href":"https:\/\/www.mbpproduction.com\/index.php?rest_route=%2Fwp%2Fv2%2Fmedia&parent=96"}],"curies":[{"name":"wp","href":"https:\/\/api.w.org\/{rel}","templated":true}]}}