{"id":2,"date":"2014-11-24T07:59:41","date_gmt":"2014-11-24T07:59:41","guid":{"rendered":"http:\/\/www.mbpproduction.com\/?page_id=2"},"modified":"2016-06-05T18:26:31","modified_gmt":"2016-06-05T15:26:31","slug":"esimerkkisivu","status":"publish","type":"page","link":"https:\/\/www.mbpproduction.com\/?page_id=2","title":{"rendered":"toimialat"},"content":{"rendered":"<p>MBP Production on 1994 perustettu yritys, joka toimii Valkeakoskelta k\u00e4sin koko Etel\u00e4- Suomen alueella ja tarpeen vaatiessa kauempanakin.<\/p>\n<p>Toimialoinamme on turvatekniikka-, antenni-, televerkko-, A\/V- ja\u00a0rajoitetusti erilaiset muut s\u00e4hk\u00f6asennukset, \u00e4\u00e4nentoisto- ja valotekniikan asennus, vuokraus ja suunnittelu palvelut.<\/p>\n<p>Turvatekniikan alla rakennamme paloilmoitin-, rikosilmoitin-, videovalvonta- ja muita valvontaj\u00e4rjestelmi\u00e4 yli 15 vuoden kokemuksella. Yrityksell\u00e4mme on turvatekniikan keskuksen my\u00f6nt\u00e4m\u00e4 paloilmoitinliike-p\u00e4tevyys sek\u00e4 S3 s\u00e4hk\u00f6p\u00e4tevyys.<\/p>\n<p>&nbsp;<\/p>\n<p>&nbsp;<\/p>\n","protected":false},"excerpt":{"rendered":"<p>MBP Production on 1994 perustettu yritys, joka toimii Valkeakoskelta k\u00e4sin koko Etel\u00e4- Suomen alueella ja tarpeen vaatiessa kauempanakin. Toimialoinamme on turvatekniikka-, antenni-, televerkko-, A\/V- ja\u00a0rajoitetusti erilaiset muut s\u00e4hk\u00f6asennukset, \u00e4\u00e4nentoisto- ja valotekniikan asennus, vuokraus ja suunnittelu palvelut. Turvatekniikan alla rakennamme paloilmoitin-, rikosilmoitin-, videovalvonta- ja muita valvontaj\u00e4rjestelmi\u00e4 yli 15 vuoden kokemuksella. Yrityksell\u00e4mme on turvatekniikan keskuksen my\u00f6nt\u00e4m\u00e4 paloilmoitinliike-p\u00e4tevyys &hellip; <a href=\"https:\/\/www.mbpproduction.com\/?page_id=2\" class=\"more-link\">Jatka lukemista <span class=\"screen-reader-text\">toimialat<\/span> <span class=\"meta-nav\">&rarr;<\/span><\/a><\/p>\n","protected":false},"author":1,"featured_media":47,"parent":0,"menu_order":0,"comment_status":"open","ping_status":"open","template":"","meta":{"footnotes":""},"class_list":["post-2","page","type-page","status-publish","has-post-thumbnail","hentry"],"_links":{"self":[{"href":"https:\/\/www.mbpproduction.com\/index.php?rest_route=\/wp\/v2\/pages\/2","targetHints":{"allow":["GET"]}}],"collection":[{"href":"https:\/\/www.mbpproduction.com\/index.php?rest_route=\/wp\/v2\/pages"}],"about":[{"href":"https:\/\/www.mbpproduction.com\/index.php?rest_route=\/wp\/v2\/types\/page"}],"author":[{"embeddable":true,"href":"https:\/\/www.mbpproduction.com\/index.php?rest_route=\/wp\/v2\/users\/1"}],"replies":[{"embeddable":true,"href":"https:\/\/www.mbpproduction.com\/index.php?rest_route=%2Fwp%2Fv2%2Fcomments&post=2"}],"version-history":[{"count":2,"href":"https:\/\/www.mbpproduction.com\/index.php?rest_route=\/wp\/v2\/pages\/2\/revisions"}],"predecessor-version":[{"id":49,"href":"https:\/\/www.mbpproduction.com\/index.php?rest_route=\/wp\/v2\/pages\/2\/revisions\/49"}],"wp:featuredmedia":[{"embeddable":true,"href":"https:\/\/www.mbpproduction.com\/index.php?rest_route=\/wp\/v2\/media\/47"}],"wp:attachment":[{"href":"https:\/\/www.mbpproduction.com\/index.php?rest_route=%2Fwp%2Fv2%2Fmedia&parent=2"}],"curies":[{"name":"wp","href":"https:\/\/api.w.org\/{rel}","templated":true}]}}