{"id":19,"date":"2014-11-24T19:19:12","date_gmt":"2014-11-24T17:19:12","guid":{"rendered":"http:\/\/www.mbpproduction.com\/?page_id=19"},"modified":"2021-04-07T18:24:56","modified_gmt":"2021-04-07T15:24:56","slug":"kalustoluettelo","status":"publish","type":"page","link":"https:\/\/www.mbpproduction.com\/?page_id=19","title":{"rendered":"KALUSTOLUETTELO"},"content":{"rendered":"<figure id=\"attachment_59\" aria-describedby=\"caption-attachment-59\" style=\"width: 300px\" class=\"wp-caption aligncenter\"><a href=\"http:\/\/www.mbpproduction.com\/wp-content\/uploads\/2014\/11\/WP_20160709_18_10_45_Pro.jpg\" rel=\"attachment wp-att-59\"><img loading=\"lazy\" decoding=\"async\" class=\"size-medium wp-image-59\" src=\"http:\/\/www.mbpproduction.com\/wp-content\/uploads\/2014\/11\/WP_20160709_18_10_45_Pro-300x169.jpg\" alt=\"Uusi esiintymislava Tampereen Kaupin pes\u00e4pallostadionilla Hein\u00e4kuussa 2016 Jari Sillanp\u00e4\u00e4n puistokonsertissa.\" width=\"300\" height=\"169\" srcset=\"https:\/\/www.mbpproduction.com\/wp-content\/uploads\/2014\/11\/WP_20160709_18_10_45_Pro-300x169.jpg 300w, https:\/\/www.mbpproduction.com\/wp-content\/uploads\/2014\/11\/WP_20160709_18_10_45_Pro-768x432.jpg 768w, https:\/\/www.mbpproduction.com\/wp-content\/uploads\/2014\/11\/WP_20160709_18_10_45_Pro-1024x576.jpg 1024w\" sizes=\"auto, (max-width: 300px) 100vw, 300px\" \/><\/a><figcaption id=\"caption-attachment-59\" class=\"wp-caption-text\">Esiintymislava Tampereen Kaupin pes\u00e4pallostadionilla Hein\u00e4kuussa 2016 Jari Sillanp\u00e4\u00e4n puistokonsertissa.<\/figcaption><\/figure>\n<p>vuokrattavat kokonaisuudet:<\/p>\n<p>&#8211; iso clubisetti 10,3 kW, Turbosound Q-light, 4xTQ-315+4xTQ-425<\/p>\n<p>&#8211; clubisetti 11 kW, Turbosound iQ, 2xiQ-15+2xiQ18B<\/p>\n<p>&#8211; pienempi clubisetti 5 kW 2 kpl<\/p>\n<p>&#8211; isompi miksauskioski 32 ch 2 kpl<\/p>\n<p>&#8211; monitorikioski 32\/16<\/p>\n<p>&#8211; humppar\u00e4kki 2 kW<\/p>\n<p>&#8211; digitaalimiksereit\u00e4 l\u00f6ytyy:<\/p>\n<ul>\n<li>Soundcraft SiExpression 1 ja 3<\/li>\n<li>Soundcraft Vi3000<\/li>\n<li>Soundcraft Vi2000<\/li>\n<\/ul>\n<p>&#8211; esiintymislava 1 m korkea katolla tai ilman 10&#215;8 m, katon korkeus max. 7 m<\/p>\n<p>KESKIRASKAS LINE ARRAY J\u00c4RJESTELM\u00c4 39 KW<\/p>\n<p>Turbosound Flexarray , riitt\u00e4\u00e4 noin 5000 hengen tilaisuuksiin.<\/p>\n<p>Olemme hankkineet kev\u00e4\u00e4n 2016 aikana miksauskaluston vahvistukseksi Soundcraft Vi3000 mikserin.<\/p>\n<p>Lis\u00e4ksi varastoon on tullut JBL:n aktiivikaiuttimia ja Shure:n digitaalilangattomia.<\/p>\n<p>J\u00e4reimpin\u00e4 lavamonitoreina meill\u00e4 on TurboSound TFM152-AN:t.<\/p>\n<p>Valopuolelta l\u00f6ytyy mm.<\/p>\n<ul>\n<li>LED wash liikkuvia 8 kpl<\/li>\n<li>LED Spot liikkuvia 8 kpl<\/li>\n<li>LED wash lamppuja kymmeni\u00e4<\/li>\n<li>halogeeni heittimi\u00e4<\/li>\n<li>stroboja<\/li>\n<li>moleja<\/li>\n<li>purkauslamppu liikkuvia 14 kpl<\/li>\n<li>150-250 W monimetallivalonheittimi\u00e4<\/li>\n<li>himmentimi\u00e4 noin 30 kanavaa<\/li>\n<li>Chamsys-valotiski<\/li>\n<\/ul>\n<p>&#8211; trussia noin sata metri\u00e4, neliputkista Prolyte<\/p>\n<p>Pyyd\u00e4 tarkempi kalustoluettelo<\/p>\n","protected":false},"excerpt":{"rendered":"<p>vuokrattavat kokonaisuudet: &#8211; iso clubisetti 10,3 kW, Turbosound Q-light, 4xTQ-315+4xTQ-425 &#8211; clubisetti 11 kW, Turbosound iQ, 2xiQ-15+2xiQ18B &#8211; pienempi clubisetti 5 kW 2 kpl &#8211; isompi miksauskioski 32 ch 2 kpl &#8211; monitorikioski 32\/16 &#8211; humppar\u00e4kki 2 kW &#8211; digitaalimiksereit\u00e4 l\u00f6ytyy: Soundcraft SiExpression 1 ja 3 Soundcraft Vi3000 Soundcraft Vi2000 &#8211; esiintymislava 1 m korkea &hellip; <a href=\"https:\/\/www.mbpproduction.com\/?page_id=19\" class=\"more-link\">Jatka lukemista <span class=\"screen-reader-text\">KALUSTOLUETTELO<\/span> <span class=\"meta-nav\">&rarr;<\/span><\/a><\/p>\n","protected":false},"author":1,"featured_media":43,"parent":0,"menu_order":0,"comment_status":"open","ping_status":"open","template":"","meta":{"footnotes":""},"class_list":["post-19","page","type-page","status-publish","has-post-thumbnail","hentry"],"_links":{"self":[{"href":"https:\/\/www.mbpproduction.com\/index.php?rest_route=\/wp\/v2\/pages\/19","targetHints":{"allow":["GET"]}}],"collection":[{"href":"https:\/\/www.mbpproduction.com\/index.php?rest_route=\/wp\/v2\/pages"}],"about":[{"href":"https:\/\/www.mbpproduction.com\/index.php?rest_route=\/wp\/v2\/types\/page"}],"author":[{"embeddable":true,"href":"https:\/\/www.mbpproduction.com\/index.php?rest_route=\/wp\/v2\/users\/1"}],"replies":[{"embeddable":true,"href":"https:\/\/www.mbpproduction.com\/index.php?rest_route=%2Fwp%2Fv2%2Fcomments&post=19"}],"version-history":[{"count":8,"href":"https:\/\/www.mbpproduction.com\/index.php?rest_route=\/wp\/v2\/pages\/19\/revisions"}],"predecessor-version":[{"id":119,"href":"https:\/\/www.mbpproduction.com\/index.php?rest_route=\/wp\/v2\/pages\/19\/revisions\/119"}],"wp:featuredmedia":[{"embeddable":true,"href":"https:\/\/www.mbpproduction.com\/index.php?rest_route=\/wp\/v2\/media\/43"}],"wp:attachment":[{"href":"https:\/\/www.mbpproduction.com\/index.php?rest_route=%2Fwp%2Fv2%2Fmedia&parent=19"}],"curies":[{"name":"wp","href":"https:\/\/api.w.org\/{rel}","templated":true}]}}